lse
Let t(g) = -g**3 + 15*g**2 - g + 4. Let m be t(14). Suppose 4*c = 3*r - 269, c = -2*r - 3*c + m. Is r a prime number?
False
Suppose 3*m = 3*f - 47 - 1, -4*f = 5*m + 125. Let v = 90 + m. Is v a prime number?
False
Let w be ((-4)/(-10))/((-1)/(-5)). Suppose -w*k = -k - 22. Suppose s + k = 3*s. Is s a composite number?
False
Let s(l) = 149*l**2 - 2*l + 2. Is s(1) composite?
False
Suppose -2*u + 8 = -0*u. Let w = 86 - 98. Is 333/u - (-3)/w composite?
False
Let b(y) = 7*y**2 + y. Let a be b(-1). Is (-4)/a*1062/(-4) a prime number?
False
Suppose -3*f + 133 = 4*o, -2*o = -4*o + f + 79. Is o prime?
True
Let o(s) be the third derivative of -11*s**4/6 - 5*s**3/3 - 5*s**2. Is o(-7) prime?
False
Is (4/12)/((-3)/(-477)) a prime number?
True
Is 26/2*(-4 - (-8 - 453)) a composite number?
True
Let x = -9 - -135. Let m(q) = 2*q**2 - 2*q - 1. Let j be m(2). Is (x/10)/j*5 prime?
False
Let n(d) = 15*d**3 - d**2 + d. Suppose 2*x = 6*x + 4*i - 8, -2*i = 3*x - 5. Is n(x) composite?
True
Suppose z = -2*z + 381. Is z a prime number?
True
Let l(w) = -w**3 - 6*w**2 + 5*w + 3. Suppose 3 = -5*c - 2. Let h be 0 - (c + 9) - 0. Is l(h) a prime number?
False
Let z(i) = -7*i**3 - i**2 + 3*i. Suppose 2*u = -0*u - 6. Let r be z(u). Let g = r + -102. Is g composite?
True
Is 15/3 + 260 + 1 + 1 composite?
True
Let m(y) = -6*y + 1. Suppose -5*v = -13 - 12. Let i(h) = -h**3 + 6*h**2 - 5*h - 6. Let f be i(v). Is m(f) composite?
False
Let k(m) = m + 1. Let y(g) = -315*g + 1. Let a(f) = -2*k(f) + y(f). Let h be a(-1). Is (-12)/8*h/(-6) a prime number?
True
Let c = -70 + 102. Suppose 4*v - c = 72. Is v a prime number?
False
Suppose -p = 3*p - 4468. Is p composite?
False
Suppose -213 = -5*f + 582. Suppose -4*n + f + 1949 = 0. Is n composite?
True
Let h = 5 - 3. Let a = -18 + 67. Let v = h + a. Is v a composite number?
True
Suppose w + 3*w + 16 = 0. Let v be w/(-18) + 282/(-54). Let x(b) = -17*b - 6. Is x(v) composite?
False
Let d = 2 + 2. Let g = 8 - d. Suppose 76 = g*m - 5*f, 4*m - 76 = -2*f + 5*f. Is m composite?
False
Let d(o) = -o**3 + 12*o**2 - 6*o - 13. Is d(10) a prime number?
True
Suppose 3*p + p - 513 = g, -137 = -p + 2*g. Is p prime?
True
Suppose 0 = -2*d + 5*g - 10, 6*g - 30 = -2*d + g. Let f(b) = -10 + 2 - d*b + 2*b**2 - 3*b. Is f(7) composite?
True
Let q = 1213 - 656. Is q a prime number?
True
Suppose -990 = -2*q + 276. Is q a prime number?
False
Let l be -2 + 0 + (-8)/(-1). Suppose 2*p - 12 + l = 0. Suppose -2*o - p*u = -85, 2*o - 110 = -o - u. Is o a composite number?
True
Let v(i) = -10*i**2 - i. Let s be v(-1). Let u(h) = h**3 + 14*h**2 + 12*h - 4. Is u(s) prime?
True
Suppose -2*o - 2 + 10 = -4*r, -3*r = -o + 6. Let s be (1 - o) + -1 + 3. Suppose -s*t + 131 = 4*p, p = -3*t + 83 + 60. Is t a composite number?
True
Let i(v) = -62*v - 11. Is i(-8) a prime number?
False
Let o(x) = -3*x. Let p be o(-1). Let l be (-6)/4*(-4)/p. Suppose -2*c + z + 324 = 0, l*z + 248 + 78 = 2*c. Is c prime?
False
Suppose 0 = 12*m - 6*m - 2658. Is m a composite number?
False
Let p = 364 + -245. Is p composite?
True
Suppose 2*a = -2*a + 1828. Is a prime?
True
Suppose 2*p - 4*x - 8 = 0, 3*p + 2*x + x - 39 = 0. Suppose -r = r - p. Suppose 0 = -q + 9 + r. Is q a composite number?
True
Let z(t) = t**2 + 7*t + 2. Let p be z(-6). Let u(n) = -32*n + 3. Is u(p) composite?
False
Suppose 3*u = -u + 176. Let d = 243 + u. Is d a prime number?
False
Let y = 6 - 2. Suppose y*a - 11 = -3. Suppose g = l - 223, -a*l = -3*g + 4*g - 446. Is l prime?
True
Let y be (5 - 3) + (-84 - 1). Is ((-10)/(-10))/((-1)/y) composite?
False
Let g(m) = -m**3 + 10*m**2 + m - 5. Let x be g(10). Let c(b) = 2*b**3 + 4*b**2 - 5*b + 6. Is c(x) prime?
True
Let w = 540 + -289. Is w a prime number?
True
Is (-4685)/(-4) + 4*(-5)/80 a composite number?
False
Let b(p) = p**2 + 8*p - 2. Let c be b(-8). Let n(a) = -11*a. Is n(c) composite?
True
Let l(b) = -4*b + 2 + 0*b + b**3 + 2 + 6*b**2. Suppose 0 = 3*f + 27 - 12. Is l(f) composite?
True
Let p(u) = u**3 - 8*u**2 + 4*u + 7. Let v be p(11). Is (-28)/6*v/(-12) prime?
False
Suppose -t + 4*l + 18 = -5, 2*t - 5*l = 43. Let i(s) = 3 - 2 - 1 - t*s - 2. Is i(-3) a prime number?
False
Suppose 0 = 3*g + 12, 0*g = 2*o + 5*g - 138. Is o + ((-9)/3 - -1) composite?
True
Suppose z - 13 = -4*b, 3*z - 3 = -4*b + 4*z. Suppose -2 = -3*m + b*m. Is m*1/4*62 a prime number?
True
Let n = -55 + 144. Is n a composite number?
False
Let x(j) = -j**2 - 2*j + 55. Is x(0) a composite number?
True
Suppose -d + 3*l + 0*l = -281, 1160 = 4*d - 3*l. Is d a prime number?
True
Let p be (-325)/6 - 1/(-6). Let m = p - -87. Is m composite?
True
Let x(j) = -17*j**3 + j**2 - 3*j - 10. Is x(-3) composite?
False
Suppose 3*l = 4*p - 13830 - 2977, -2*p = 5*l - 8397. Is p composite?
False
Let t = -1531 + 3750. Is t prime?
False
Is 2 - (-3 - -3 - -2) - -533 prime?
False
Suppose 3*h + 16 = -5*k + 38, -4*h = -2*k + 14. Suppose -142 = -k*y + 43. Is y composite?
False
Let n(q) = q**3 + 8*q**2 - q - 3. Let o be n(-7). Let c(u) = -o*u**2 + 56*u**2 + 129*u**2 + 1. Is c(1) a composite number?
True
Suppose -3*u + 12 = -0*u. Suppose 0 = -4*k + 2*k + 6, 55 = g + u*k. Is g prime?
True
Suppose t = 0, -2*x + t - 1036 = -6*x. Is x a composite number?
True
Let b = -197 + 74. Is b/(-5) - (-4)/10 composite?
True
Suppose 11 = 4*r - 1. Suppose -4*c = 3*y - 361, y + r*c + c - 131 = 0. Is y composite?
True
Let c be 15/10*(-1 + -3). Let r be ((-130)/c - -2)*3. Suppose 286 = 3*f - r. Is f composite?
True
Suppose 4*o + 0 = -2*t + 14, 0 = -4*o + 5*t - 7. Suppose -m = -o*m + 59. Is m composite?
False
Suppose -2*s = 3*g - 3*s + 26, 30 = -3*g + 3*s. Let m = -6 - g. Suppose 0 = -o + m*o - 67. Is o composite?
False
Suppose 3*n + 4 = 5*c, 2*n - 5*c = 4*n - 14. Suppose -2*p + 3*p = -2*u + 423, 1057 = 5*u + n*p. Is u prime?
True
Let f(k) = k**2 + 4*k - 3. Let d be f(-5). Suppose -d*i - 4*o + 53 = -o, o = 5*i - 175. Is i prime?
False
Is 10340/77 + 4/(-14) composite?
True
Let k(j) be the third derivative of j**5/60 - 3*j**4/8 - 17*j**3/6 + j**2. Is k(12) a prime number?
True
Let p = 7405 - 5046. Is p prime?
False
Suppose 0 = 5*i - 102 + 2. Suppose 6*u - 4*u = 3*l - i, -3*u = -15. Is l composite?
True
Let u be 0 - 3/(-6)*-20. Is (-4665)/(-25) + (-4)/u a composite number?
True
Suppose 968 = 16*i - 2088. Is i a prime number?
True
Let x(g) = -2*g + 2. Let p be x(3). Is p/14 - 783/(-21) a composite number?
False
Let z(w) = 23*w + 4. Let r(j) = -133*j - 29. Let n(i) = -66*i - 15. Let h(k) = -5*n(k) + 3*r(k). Let o(q) = 4*h(q) + 11*z(q). Is o(-3) prime?
False
Suppose 0 = -n - 162 + 38. Let f = n + 243. Is f a prime number?
False
Let d(r) = 88*r**3 - 4*r**2 + 3*r - 3. Is d(2) a prime number?
True
Suppose 2*n = -5*k + 775, -3 = -4*k + 5*k. Is n a prime number?
False
Let t be (-1 + -148)*(0 + -2). Let f = -175 + t. Is f a composite number?
True
Suppose -2*z = -5*x + 1287, 392 = 2*x + 5*z - 117. Is x a prime number?
True
Suppose -279 = -2*z - z. Is z a prime number?
False
Let b(k) = -k**3 - 2*k - 1. Let m be b(-1). Suppose 0 = 4*h - m*q - 21 - 65, -5*q + 93 = 4*h. Is h a composite number?
True
Let u = 2069 + -913. Suppose -9*h + u = -5*h. Is h prime?
False
Suppose 3*v - 250 = 164. Suppose 257 = 5*i - v. Is i a composite number?
False
Let y be (-1)/(-2)*-59*-2. Let g = -112 + y. Let a = g + 108. Is a composite?
True
Let v(r) = 1 + 13*r**2 - 3*r + 2 - 9*r**2. Is v(2) composite?
False
Let n be ((-2)/6)/((-3)/369). Suppose -n = -5*m + 114. Is m a prime number?
True
Let s(y) = 10*y + 4. Let v be s(-6). Let i = 99 + v. Let n = i + -22. Is n prime?
False
Let d(h) = 15*h**3 - 6*h**2 - 21*h + 17. Let w(s) = 7*s**3 - 3*s**2 - 10*s + 8. Let a(i) = -6*d(i) + 13*w(i). Is a(6) a prime number?
False
Is 13/((-1)/(1796/(-5392)) + -3) a composite number?
True
Let d be (8/(-20))/((-4)/30). Let j be 3*7*(3 - -1). Suppose -11 = d*u - 2*g - j, u - 3*g = 29. Is u prime?
True
Suppose -2*j = -o + 677, 5*o - 2656 - 743 = -4*j. Is o a prime number?
False
Let s = 499 + -154. Suppose 3*k - 528 - s = 0. Is k a prime number?
False
Let f(g) = -2*g**2 + 5*g + 2*g**2 + 4*g**2 - 1 - 3*g**2. Is f(-8) prime?
True
Let n be 127 + 1*(4 - 1). Let f = n + -7. Is f a prime number?
False
Let q(i) = 3*i**2 + i - 2. Let h(v) = v**2 - 7. Let p be h(5). Let y be (-10)/45 - 50/p. Is q(y) a composite number?
True
Suppose 3*h - 